)/(-240).
3
Let i = -3834 + 11331. What are the prime factors of i?
3, 7, 17
Suppose 0 = -41*o + 37*o + 2520. Suppose s - 639 = 5*w, s - o = -4*w + 6*w. What are the prime factors of s?
2, 3, 13
Suppose -3*y - 2*s - 549 = 0, -2*y - 4*s = -6*y - 732. Let p be 1 - (-2 + 1 + y). Let q = p + 56. What are the prime factors of q?
241
Let d(y) = -4*y - 21*y - 34*y - 14*y - 35. Let j = 25 - 29. What are the prime factors of d(j)?
257
Let d(a) = 199*a - 31 + 197*a - 376*a. Let v(j) = j**2 + 9. Let y be v(0). What are the prime factors of d(y)?
149
Let u(w) = -6*w**2 + 27*w + 11. Let j(f) = 7*f**2 - 27*f - 13. Let p(b) = 4*j(b) + 5*u(b). What are the prime factors of p(10)?
73
Let m(b) be the third derivative of 101*b**4/12 + b**3 - b**2. Let p = -7518 - -7519. List the prime factors of m(p).
2, 13
Suppose 2*i - 44 = -6*o + 2*o, -4*o + 46 = 3*i. Let n(g) = 16*g + 1. What are the prime factors of n(o)?
7, 23
Let o(c) = 1592*c - 2. Let v be o(1). Let q be 4/22 - v/33. Let k = -45 - q. List the prime factors of k.
3
Let b be (412 + 0)/(-10 - -11). Let d = b - 286. What are the prime factors of d?
2, 3, 7
Let x(m) = m**3 - 40*m**2 + 63*m - 341. List the prime factors of x(40).
2179
Let x(c) = -3*c - 6. Let h = -50 - -46. Let o be x(h). Suppose -o*w + 242 = -442. List the prime factors of w.
2, 3, 19
Let h(t) = -316*t - 498. List the prime factors of h(-10).
2, 11
Suppose -4*i - 4*h + 416 = 44, -4*h - 12 = 0. Let g(r) = r - i*r**3 - r + 59*r**3. List the prime factors of g(-1).
37
Let t(j) = 22062*j**2 - 63*j + 65. List the prime factors of t(1).
2, 7, 197
Suppose -a + 2*b - 360 + 2748 = 0, 4786 = 2*a - 2*b. What are the prime factors of a?
2, 11, 109
Let b(q) = -q**3 - 14*q**2 + 14*q - 11. Let w be b(-15). Suppose -w*m + 963 = -13*m. Let i = m - -232. List the prime factors of i.
5
Suppose -d - 6 = -4*d. Suppose -2*s + 14 = 3*l - s, -3*s = -d*l - 9. Suppose l*q - 2*c = 178, -4*q + 264 = -0*q + 4*c. List the prime factors of q.
2, 31
Suppose -4*d - 4*t + 63 = -57, -t + 55 = 2*d. Suppose d*i - 36 = 16*i. List the prime factors of i.
2
Suppose 4*a - 4*x + 292 = -0*x, 0 = 2*a + x + 155. Let d = a - -80. Suppose -4*v + n = d*n - 11, -3*n - 34 = -5*v. List the prime factors of v.
5
Let r = 67 + -1. Suppose 0 = 2*t + 9*t + r. Let l(h) = -30*h - 30. List the prime factors of l(t).
2, 3, 5
Let o(s) = -10*s + 6. Let z(w) = 9*w - 6. Let l(f) = 4*o(f) + 3*z(f). Let u be l(-1). Suppose 2*q + 2*p = 154, 2*p + u = q - 49. List the prime factors of q.
2, 37
Suppose a + 1 = -3*i, 4 = 5*i - 3*i + 3*a. Let o be i - -119*-3*(-4)/6. Suppose -295 - o = -7*q. List the prime factors of q.
2, 19
Suppose 3*o = -z - 817, -5*o = -6*z + 11*z + 1365. List the prime factors of o*1*(-4)/(1 - -3).
2, 17
Let b(a) = -21*a - 66. Let l be b(-25). Let r = l + 109. Suppose 0 = 8*s + 224 - r. List the prime factors of s.
43
Let q = -104 - -104. Suppose q = -6*o - 1133 + 3707. List the prime factors of o.
3, 11, 13
List the prime factors of (-4)/(-16) + (-2700518)/(-68)*1/2.
3, 6619
Suppose 9010 = 18*k - 5984. Suppose -126 + k = 7*s. List the prime factors of s.
101
Let t = 53 - 53. Suppose 6 - 37 = -2*x + 3*d, -59 = -4*x + 5*d. Suppose t = -x*l + 642 + 1415. List the prime factors of l.
11, 17
Let a = -233 + 273. List the prime factors of (1434/15)/(8/a).
2, 239
List the prime factors of (13/(-6))/(14*23/(-3270876)).
13, 1693
List the prime factors of (751/(-4))/((-58)/696).
3, 751
Let y be (-2 - (-28)/10)*80/16. Suppose -y*o - 2*c + 654 = -c, -3*o = -2*c - 485. Suppose -2*j + 31 = -o. What are the prime factors of j?
97
Let g be 432/5 - (-6)/(-15). Let j = -36 + g. Suppose -k - j = -2*k + c, 4*k = -2*c + 176. List the prime factors of k.
2, 23
Let x(k) = 68*k - 15. Let g be x(4). Suppose -3*f + 193 = -g. Let c = f + -38. List the prime factors of c.
2, 7
Let s be 15/20 + 123/12. Suppose s*q + 1480 = 8113. List the prime factors of q.
3, 67
Suppose 903*g - 462637 = 874*g. List the prime factors of g.
7, 43, 53
Suppose 4*a - 104156 = -4*f, 595*f - 3*a = 599*f - 104159. List the prime factors of f.
2, 29, 449
Let z(s) = -42*s - 101. Let p(w) = 44*w + 101. Let u(f) = 3*p(f) + 2*z(f). List the prime factors of u(30).
23, 67
Let b(r) = -r**3 + 31*r**2 + 3*r - 17. Let z = 226 - 195. List the prime factors of b(z).
2, 19
Let f = 80984 - 26921. What are the prime factors of f?
3, 6007
Suppose 11025 + 12786 = 2*w + w. List the prime factors of w.
7937
Let v = 3440 + 2545. What are the prime factors of v?
3, 5, 7, 19
Suppose 15*y + 5*y - 1160 = 0. What are the prime factors of 2/(-5) - y/(-5)*29?
2, 3, 7
Suppose -92*u + 94*u + 36*u = 1399236. List the prime factors of u.
2, 3, 17, 19
Let u(n) = -n**2 - 14*n + 31. Suppose 0 = 2*i - 5*v + 10, i + 3*i - v + 56 = 0. Let s be u(i). Suppose -4*x + 284 = s. What are the prime factors of x?
67
Let y = -64732 + 112486. What are the prime factors of y?
2, 3, 7, 379
Let u(q) = q**3 - 9*q**2 + 9*q + 2. Let v = 5 - -3. Let j be u(v). Let x = 11 + j. List the prime factors of x.
3, 7
Let s = 1750 + 141. Let i = -383 + s. List the prime factors of i.
2, 13, 29
Let j(t) = -t**3 + 43*t**2 - 81*t - 40. Let o be j(41). Let h(g) = 364*g + 24. List the prime factors of h(o).
2, 97
Suppose -19*y = -5*y - 7336. Let j = -189 + y. Suppose -6*d + d + j = 0. What are the prime factors of d?
67
Let v be 6 + (-2 - (-1 + -493)). Let k = -197 + v. What are the prime factors of k?
7, 43
Suppose 6 = 2*k + 14, 2*p - 3864 = 3*k. Suppose -p = -3*i - 3*m, -i + 5*m = -158 - 484. What are the prime factors of i?
2, 3, 107
Let b(s) = 11*s - 478. Let a be b(37). Suppose l = -l - 4*o - 44, -l - 3*o - 18 = 0. Let c = l - a. List the prime factors of c.
41
Let s(b) = -415*b + 126. List the prime factors of s(-8).
2, 1723
Let r(z) = -334*z + 355. What are the prime factors of r(-16)?
41, 139
Suppose 0 = 5*v - 253 + 48. Let a be 2 - (-20)/(-9) - 1600/90. Let z = v - a. What are the prime factors of z?
59
Let m be (-258)/8 - 22/(-88). Let f = m + 35. List the prime factors of ((-293)/f - -1)/(6/(-9)).
5, 29
Let w = -6392 - -9893. What are the prime factors of w?
3, 389
Suppose w + 4*m + 4 = 0, -2*w - m = 3*m. Suppose w*v - t = 831, -2*v + 2*t + 428 = 4*t. Let n = v + -69. What are the prime factors of n?
2, 5, 7
Let l = 587 + -587. Suppose -4481 = -4*t + a, l = 3*t + 4*a + 1092 - 4429. What are the prime factors of t?
3, 373
Let d(s) = s**2 - 22*s - 1202. What are the prime factors of d(64)?
2, 743
Let f(w) = -35*w - 428. Let g be f(-40). Suppose 0 = -5*k - 3*h + 7461, -g + 6930 = 4*k - 3*h. List the prime factors of k.
3, 7, 71
Let g = 5 + 1. Let q = -2834 - -2861. What are the prime factors of 22*(-3 + q/g)?
3, 11
Let a be (-29535)/(-77) + (-8)/14. Let x = a - 225. List the prime factors of x.
2, 79
Let m = -389 - 329. Let q = m - -1234. List the prime factors of q.
2, 3, 43
Let z(c) = -c**2 + 11*c - 9. Let w be z(6). Let k(j) = -4 + 442*j + j**2 - 456*j - 5. What are the prime factors of k(w)?
2, 3, 23
Suppose -307597 = -8*g - 61045. List the prime factors of g.
3, 10273
Let g be (-692*(-4)/64)/((-4)/(-208)). Let o = g - 1040. List the prime factors of o.
3, 13, 31
Let y = 17 - 14. Suppose y*q - 3796 = g, q + 3*g - 2527 = -q. What are the prime factors of q?
5, 11, 23
Suppose -2*l + 8*l = 2442. Suppose -5*c + l = 107. List the prime factors of c.
2, 3, 5
Suppose -3*d - 2*n = -99358, 2*d + 2*n = 80918 - 14674. List the prime factors of d.
2, 3, 5519
Let k(w) = 462*w + 26. Let p be k(-2). Let m = 1499 + p. What are the prime factors of m?
601
Suppose -2*u + 5829 = u + 3*j, 0 = -3*j - 15. Suppose u = -13*g + 15*g. What are the prime factors of g?
2, 487
Let a be (-3)/3*4 - 2. Suppose 0 = -4*l - 3*j - 39 + 330, 0 = 2*l - 3*j - 141. Let d = l - a. What are the prime factors of d?
2, 3, 13
Let s = 2161 + -1654. What are the prime factors of s?
3, 13
Let s = 34933 + 693. List the prime factors of s.
2, 47, 379
Let a(g) = -51*g - 25. Suppose 6*s + 5 = -19. What are the prime factors of a(s)?
179
Let w(h) = -1023*h + 1699. What are the prime factors of w(-29)?
2, 15683
Let u(m) = -m**2 - 17*m + 22. Let f be u(-18). Suppose 0 = -9*k + f + 50. List the prime factors of (-3 + (-591)/k)/(1/(-2)).
7, 29
Let t(u) = 11*u**3 - 21*u**2 + 24*u - 27. Let m(s) = -5*s**3 + 10*s**2 - 12*s + 14. Let j(l) = -9*m(l) - 4